{"id":10356,"date":"2024-01-02T16:05:45","date_gmt":"2024-01-02T15:05:45","guid":{"rendered":"https:\/\/kanaat.blauer-rhein-agentur.de\/?page_id=10356"},"modified":"2024-01-02T16:07:14","modified_gmt":"2024-01-02T15:07:14","slug":"sik-sorulanlar","status":"publish","type":"page","link":"https:\/\/kanaattravel.de\/de\/sik-sorulanlar\/","title":{"rendered":"H\u00e4ufige Fragen"},"content":{"rendered":"<p><strong>Erforderliche Dokumente f\u00fcr t\u00fcrkische B\u00fcrger:<\/strong><\/p>\n\n\n\n<ul class=\"wp-block-list\">\n<li>Reisepass (Reisepass g\u00fcltig f\u00fcr mindestens 1 Jahr ab dem Flugdatum).<\/li>\n\n\n\n<li>Die deutschen Aufenthaltskarte in Original (der Aufenthalt muss mindestens 1 Jahr ab dem Flugdatum liegen)<\/li>\n\n\n\n<li>Zwei biometrische Fotos (Name \/ Nachname und Datum Ihres Geburtsdatums.)<\/li>\n\n\n\n<li>Es werden mindestens zwei Seiten des Passes in einem Visum angewendet, die Seiten m\u00fcssen leer sein.<\/li>\n\n\n\n<li>Meningitis-Impfstoff, Internationales gelbes Impfkissen. Impfung gegen Meningitis (Nimenrix, Menveo, Neisvac etc.)\nDiese Impfungen k\u00f6nnen Sie durchf\u00fchren.)<br>a\u015f\u0131lardan birini yapt\u0131rabilirsiniz.)<\/li>\n\n\n\n<li>\u00c4rztliches Attest<\/li>\n\n\n\n<li>Personen unter 18 Jahren m\u00fcssen, wenn sie nicht mit ihren Eltern gehen, die Person angeben, die mit der Zustimmung einverstanden ist.<\/li>\n<\/ul>\n\n\n\n<p><strong>Erforderliche Dokumente f\u00fcr deutsche B\u00fcrger:<\/strong><\/p>\n\n\n\n<ul class=\"wp-block-list\">\n<li>Reisepass (Reisepass g\u00fcltig f\u00fcr mindestens 1 Jahr ab dem Flugdatum).<\/li>\n\n\n\n<li>Zwei biometrische Fotos (Name \/ Nachname und Datum Ihres Geburtsdatums.)<\/li>\n\n\n\n<li>Es werden mindestens zwei Seiten des Passes in einem Visum angewendet, die Seiten m\u00fcssen leer sein.<\/li>\n\n\n\n<li>Meningitis-Impfstoff, Internationales gelbes Impfkissen. Impfung gegen Meningitis (Nimenrix, Menveo, Neisvac etc.)\nDiese Impfungen k\u00f6nnen Sie durchf\u00fchren.)<\/li>\n\n\n\n<li>\u00c4rztliches Attest<\/li>\n\n\n\n<li>Personen unter 18 Jahren m\u00fcssen, wenn sie nicht mit ihren Eltern gehen, die Person angeben, die mit der Zustimmung einverstanden ist.<\/li>\n<\/ul>","protected":false},"excerpt":{"rendered":"<p>T\u00fcrk Vatanda\u015flar\u0131 \u0130\u00e7in Gerekli Belgeler: Alman Vatanda\u015flar\u0131 \u0130\u00e7in Gerekli Belgeler:<\/p>","protected":false},"author":1,"featured_media":0,"parent":0,"menu_order":0,"comment_status":"closed","ping_status":"closed","template":"","meta":{"footnotes":""},"class_list":["post-10356","page","type-page","status-publish","hentry"],"_links":{"self":[{"href":"https:\/\/kanaattravel.de\/de\/wp-json\/wp\/v2\/pages\/10356","targetHints":{"allow":["GET"]}}],"collection":[{"href":"https:\/\/kanaattravel.de\/de\/wp-json\/wp\/v2\/pages"}],"about":[{"href":"https:\/\/kanaattravel.de\/de\/wp-json\/wp\/v2\/types\/page"}],"author":[{"embeddable":true,"href":"https:\/\/kanaattravel.de\/de\/wp-json\/wp\/v2\/users\/1"}],"replies":[{"embeddable":true,"href":"https:\/\/kanaattravel.de\/de\/wp-json\/wp\/v2\/comments?post=10356"}],"version-history":[{"count":2,"href":"https:\/\/kanaattravel.de\/de\/wp-json\/wp\/v2\/pages\/10356\/revisions"}],"predecessor-version":[{"id":10358,"href":"https:\/\/kanaattravel.de\/de\/wp-json\/wp\/v2\/pages\/10356\/revisions\/10358"}],"wp:attachment":[{"href":"https:\/\/kanaattravel.de\/de\/wp-json\/wp\/v2\/media?parent=10356"}],"curies":[{"name":"wp","href":"https:\/\/api.w.org\/{rel}","templated":true}]}}

Häufige Fragen

<p><strong>Erforderliche Dokumente für türkische Bürger:</strong></p>



<ul class="wp-block-list">
<li>Reisepass (Reisepass gültig für mindestens 1 Jahr ab dem Flugdatum).</li>



<li>Die deutschen Aufenthaltskarte in Original (der Aufenthalt muss mindestens 1 Jahr ab dem Flugdatum liegen)</li>



<li>Zwei biometrische Fotos (Name / Nachname und Datum Ihres Geburtsdatums.)</li>



<li>Es werden mindestens zwei Seiten des Passes in einem Visum angewendet, die Seiten müssen leer sein.</li>



<li>Meningitis-Impfstoff, Internationales gelbes Impfkissen. Impfung gegen Meningitis (Nimenrix, Menveo, Neisvac etc.)
Diese Impfungen können Sie durchführen.)<br>aşılardan birini yaptırabilirsiniz.)</li>



<li>Ärztliches Attest</li>



<li>Personen unter 18 Jahren müssen, wenn sie nicht mit ihren Eltern gehen, die Person angeben, die mit der Zustimmung einverstanden ist.</li>
</ul>



<p><strong>Erforderliche Dokumente für deutsche Bürger:</strong></p>



<ul class="wp-block-list">
<li>Reisepass (Reisepass gültig für mindestens 1 Jahr ab dem Flugdatum).</li>



<li>Zwei biometrische Fotos (Name / Nachname und Datum Ihres Geburtsdatums.)</li>



<li>Es werden mindestens zwei Seiten des Passes in einem Visum angewendet, die Seiten müssen leer sein.</li>



<li>Meningitis-Impfstoff, Internationales gelbes Impfkissen. Impfung gegen Meningitis (Nimenrix, Menveo, Neisvac etc.)
Diese Impfungen können Sie durchführen.)</li>



<li>Ärztliches Attest</li>



<li>Personen unter 18 Jahren müssen, wenn sie nicht mit ihren Eltern gehen, die Person angeben, die mit der Zustimmung einverstanden ist.</li>
</ul>

<p>Türk Vatandaşları İçin Gerekli Belgeler: Alman Vatandaşları İçin Gerekli Belgeler:</p>
